008376260?
2, 3, 5, 16806271
What are the prime factors of 30247298?
2, 149, 101501
What are the prime factors of 582021657?
3, 7, 1319777
What are the prime factors of 400842852?
2, 3, 33403571
What are the prime factors of 3160824181?
38333, 82457
List the prime factors of 682237420.
2, 5, 61, 559211
List the prime factors of 352556190.
2, 3, 5, 7, 23, 29, 839
List the prime factors of 5103822441.
3, 1701274147
What are the prime factors of 104856063?
3, 13, 2688617
What are the prime factors of 433607509?
31, 13987339
What are the prime factors of 15889510?
2, 5, 7, 13, 19, 919
What are the prime factors of 2151783288?
2, 3, 19, 373, 4217
List the prime factors of 2261751.
3, 23, 32779
List the prime factors of 220774613.
220774613
What are the prime factors of 274716828?
2, 3, 191, 39953
List the prime factors of 236274642.
2, 3, 1973, 6653
What are the prime factors of 219621942?
2, 3, 451897
List the prime factors of 514875907.
7, 13, 23, 127, 149
List the prime factors of 116882516.
2, 229, 127601
What are the prime factors of 486516089?
486516089
List the prime factors of 1135969278.
2, 3, 189328213
What are the prime factors of 192336045?
3, 5, 11, 17, 191, 359
List the prime factors of 63103589.
63103589
List the prime factors of 959564236.
2, 101, 2375159
What are the prime factors of 54888751?
71, 773081
List the prime factors of 66484523.
7, 37, 36671
What are the prime factors of 616039421?
17, 131, 276623
List the prime factors of 434407497.
3, 144802499
What are the prime factors of 697293563?
697293563
List the prime factors of 22451900.
2, 5, 17, 47, 281
What are the prime factors of 116262606?
2, 3, 19377101
List the prime factors of 542766274.
2, 19, 107, 131, 1019
What are the prime factors of 297508081?
13, 4567, 5011
What are the prime factors of 62730548?
2, 15682637
List the prime factors of 238898762.
2, 3011, 39671
List the prime factors of 121136591.
41, 83, 35597
List the prime factors of 28668019.
28668019
List the prime factors of 7394186201.
277, 26693813
What are the prime factors of 43994355?
3, 5, 2932957
List the prime factors of 298764.
2, 3, 43, 193
What are the prime factors of 1050244399?
19, 55276021
List the prime factors of 1837388437.
47, 39093371
What are the prime factors of 703045101?
3, 11, 21304397
What are the prime factors of 733378169?
19, 38598851
List the prime factors of 75016336.
2, 61, 101, 761
List the prime factors of 4299127515.
3, 5, 31845389
List the prime factors of 100321472.
2, 199, 7877
List the prime factors of 252431284.
2, 7, 1039, 8677
What are the prime factors of 71013876?
2, 3, 5917823
List the prime factors of 142227575.
5, 7, 271, 2999
What are the prime factors of 45138530?
2, 5, 1217, 3709
List the prime factors of 379133472.
2, 3, 23, 29, 31, 191
What are the prime factors of 1902758820?
2, 3, 5, 71, 446657
List the prime factors of 877078818.
2, 3, 7, 11, 632813
List the prime factors of 184939601.
7, 11, 211, 11383
What are the prime factors of 650829945?
3, 5, 1567, 27689
List the prime factors of 6221665245.
3, 5, 414777683
What are the prime factors of 65548737?
3, 2427731
What are the prime factors of 474506987?
31, 71, 215587
List the prime factors of 90317372.
2, 43, 525101
What are the prime factors of 1108171366?
2, 554085683
What are the prime factors of 1648626562?
2, 11, 31, 2417341
What are the prime factors of 1772183?
7, 59, 613
What are the prime factors of 2875088093?
17, 139, 1216711
List the prime factors of 7259547.
3, 79, 30631
What are the prime factors of 731969753?
59, 12406267
List the prime factors of 117488392.
2, 7, 103, 20369
What are the prime factors of 50690778?
2, 3, 8448463
What are the prime factors of 65226098?
2, 7, 43, 97, 1117
What are the prime factors of 422126465?
5, 29, 67, 43451
What are the prime factors of 146211019?
146211019
What are the prime factors of 2292184065?
3, 5, 152812271
What are the prime factors of 13879108?
2, 3469777
List the prime factors of 233984777.
13, 17998829
List the prime factors of 22022224.
2, 7, 23, 83, 103
What are the prime factors of 20842200?
2, 3, 5, 11579
What are the prime factors of 70771356?
2, 3, 601, 3271
List the prime factors of 530849835.
3, 5, 19, 43, 4813
List the prime factors of 5304266345.
5, 7, 151550467
What are the prime factors of 1845201?
3, 615067
List the prime factors of 23753989.
7, 3393427
What are the prime factors of 17098745?
5, 271, 12619
What are the prime factors of 1892427590?
2, 5, 17, 11131927
What are the prime factors of 272346080?
2, 5, 971, 1753
List the prime factors of 223275375.
3, 5, 23, 8629
List the prime factors of 390584380.
2, 5, 281, 69499
What are the prime factors of 1488230401?
7, 2777, 10937
What are the prime factors of 334412948?
2, 83603237
What are the prime factors of 36130633?
7, 11, 469229
List the prime factors of 226869907.
11, 23, 896719
What are the prime factors of 4442615248?
2, 4229, 65657
List the prime factors of 30768259.
73, 421483
What are the prime factors of 141018891?
3, 13, 97, 37277
List the prime factors of 5201205189.
3, 523, 3314981
What are the prime factors of 548449769?
7, 29, 2701723
List the prime factors of 133752970.
2, 5, 13, 19, 54151
List the prime factors of 6162237722.
2, 31, 43, 2311417
What are the prime factors of 42002493?
3, 13, 229, 4703
What are the prime factors of 133072734?
2, 3, 2411, 9199
What are the prime factors of 406772055?
3, 5, 9039379
List the prime factors of 238614396.
2, 3, 43, 163, 2837
What are the prime factors of 8588149018?
2, 4294074509
List the prime factors of 422911781.
47, 587, 15329
What are the prime factors of 1227810584?
2, 7, 11, 13, 17, 29, 311
What are the prime factors of 192546712?
2, 24068339
What are the prime factors of 3212826373?
313, 10264621
What are the prime factors of 1666831807?
1666831807
List the prime factors of 13583045.
5, 7, 55441
What are the prime factors of 194926097?
17, 439, 26119
What are the prime factors of 288481300?
2, 5, 47, 61379
What are the prime factors of 9457163?
23, 37, 11113
List the prime factors of 77998039.
7, 883, 12619
What are the prime factors of 187962778?
2, 17, 41, 134837
What are the prime factors of 20221688?
2, 293, 8627
List the prime factors of 22590057.
3, 7, 41, 26237
List the prime factors of 34277875.
5, 274223
What are the prime factors of 1907059206?
2, 3, 13, 1880729
List the prime factors of 1045651441.
47, 443, 50221
What are the prime factors of 2749236616?
2, 7, 19, 1231, 2099
What are the prime factors of 256108092?
2, 3, 21342341
List the prime factors of 173806847.
7229, 24043
What are the prime factors of 431084237?
431084237
List the prime factors of 4463658516.
2, 3, 17, 43, 53, 9601
What are the prime factors of 13173984?
2, 3, 149, 307
List the prime factors of 81610480.
2, 5, 7, 109, 191
What are the prime factors of 236769989?
236769989
What are the prime factors of 322038687?
3, 107346229
List the prime factors of 167419260.
2, 3, 5, 19, 48953
What are the prime factors of 867490389?
3, 79, 1220099
List the prime factors of 182580395.
5, 241, 277, 547
What are the prime factors of 351829110?
2, 3, 5, 17, 109, 6329
List the prime factors of 1656864430.
2, 5, 13, 3313, 3847
List the prime factors of 1781501579.
11, 13, 19, 655687
List the prime factors of 205938570.
2, 3, 5, 29, 67, 3533
List the prime factors of 528995494.
2, 17, 269, 57839
What are the prime factors of 1173757258?
2, 107, 5484847
What are the prime factors of 32453988?
2, 3, 7, 149, 2593
What are the prime factors of 812361597?
3, 9743, 27793
What are the prime factors of 2794429568?
2, 7, 67, 46549
List the prime factors of 6430725.
3, 5, 7, 1361
List the prime factors of 220517373.
3, 37, 43, 47, 983
List the prime factors of 22150108.
2, 101, 109, 503
What are the prime factors of 69148323?
3, 284561
What are the prime factors of 75078468?
2, 3, 695171
What are the prime factors of 4761445153?
17, 280085009
What are the prime factors of 93106708?
2, 1877, 12401
List the prime factors of 21220347.
3, 107, 66107
What are the prime factors of 490511328?
2, 3, 479, 10667
List the prime factors of 19148311.
7, 13, 210421
What are the prime factors of 104307437?
13, 73, 109913
List the prime factors of 6460518.
2, 3, 